89 = r, -2*w + 0*w + 786 = -4*z. What is the hundreds digit of w?
4
Suppose 0 = -5*k + 25, -19*k = 5*i - 20*k - 45780. What is the tens digit of i?
5
What is the units digit of (151307/(-143))/(5/(-55))?
9
Suppose 24*d + 4*d = -15*d + 1168740. What is the tens digit of d?
8
What is the units digit of (9 + (-111)/12)/((-4)/4016)?
1
Let t(k) = k**3 + 91*k**2 + 228*k + 60. What is the units digit of t(-87)?
0
Suppose 126*h + 230*h = -135*h + 13474022. What is the thousands digit of h?
7
Suppose -u + 5899 = -4*s, 0 = 2*u + 4*s - 9*s - 11789. What is the hundreds digit of u?
8
Let b = 21027 + -8390. What is the ten thousands digit of b?
1
Suppose 11*u - 4*x = 10*u + 5298, -u + x + 5304 = 0. What is the hundreds digit of u?
3
Let p(h) = 14*h + 62 + 22*h - 83*h + 138. What is the tens digit of p(-5)?
3
Let u = -996 + 4518. Suppose -7*z = -u - 2106. What is the tens digit of z?
0
Suppose 2*n + 25324 = r, 553*r - 557*r + 101292 = -4*n. What is the hundreds digit of r?
3
Let m = 13201 - 4835. What is the thousands digit of m?
8
Let x(k) = 2*k**3 + 59*k**2 - 456*k - 31. What is the thousands digit of x(22)?
9
Suppose 0 = 9*v - 3*v - 12. Suppose 3*h + 2*n = 2*h + 75, 2*h - 174 = v*n. Suppose -2*l + 4*f + h = -15, l = -5*f + 28. What is the units digit of l?
3
Let v = 37887 + 38988. What is the hundreds digit of v?
8
What is the units digit of 11496/100 - (-19)/475?
5
Suppose 721785 = 190*f + 174775. What is the thousands digit of f?
2
Let p be 3*(-2)/24 + 63/28. Let r = 42 + -40. Suppose 5*k - 1297 = -6*l + 2*l, r*k = p*l + 508. What is the units digit of k?
7
Let i = -22834 - -36905. What is the tens digit of i?
7
Suppose 11*y = 250 - 30. What is the tens digit of 72/y + -4 + 5664/10?
6
Let j(n) = n**3 - 4*n**2 - 2*n - 12. Let s be j(5). Suppose 0 = s*m - 4*w - 118, -2*m + 6*m - 3*w = 169. Let g = 35 + m. What is the units digit of g?
1
Let q be (-8)/(-12) + (-165)/(-9). Suppose q*l + 310 = 20*l. Suppose 3*j + l = 8*d - 3*d, -220 = -3*d - 5*j. What is the units digit of d?
5
Let y = 73483 + -30458. What is the tens digit of y?
2
Let r be (1 - -2) + 2 + -4. Let b = r + -14. Let m = b - -144. What is the units digit of m?
1
Let x(o) = 11*o**2 + 9*o - 4. Let y be x(1). Suppose 19*d - y*d - 405 = 0. What is the units digit of d?
5
Suppose -8366611 = -197*s - 920602. What is the tens digit of s?
9
Let c(k) = -k**3 - 10*k**2 - 3*k + 6. Let o be c(-10). Suppose -y + 230 = o. What is the units digit of y?
4
Suppose -t + 3*j + 708 = -775, 0 = -5*t + 3*j + 7427. Let g = 2409 - t. What is the hundreds digit of g?
9
Let u(o) = -310*o - 1793. What is the units digit of u(-30)?
7
What is the tens digit of ((-18280)/28 + 4)*(70 + 0)/(-10)?
4
Suppose -4*u + 18 = 2*u. Suppose -5*l = 4*d - 30, -5*d - 13 = u*l - 31. What is the tens digit of 2/(4/l) + 25?
2
Suppose -24*h + 5631 = 3*c - 27*h, 0 = -c - h + 1869. What is the units digit of c?
3
Suppose 802714 = 86*r + 98030. What is the thousands digit of r?
8
Suppose -39*k + 309542 - 18675 + 258799 = 0. What is the tens digit of k?
9
What is the tens digit of (5 + (5/(-5) - 3))*(63354 + -19)?
3
Let i be (3*-1)/(-2 + (-4)/(-8)). Suppose -i*m - 4*h = -0*h - 1052, -8 = 2*h. Suppose 13*f - 16*f = -m. What is the hundreds digit of f?
1
Let w(a) = 7*a - 25. Let g be w(7). Suppose 2*c + g = 3*t + 5*c, 0 = -2*t + 2*c - 4. Suppose -3*y - t*y = -84. What is the units digit of y?
4
Let n(j) = 84*j**2 + 6*j + 7. Let w(d) = 3107*d**2 + 221*d + 260. Let i(v) = -221*n(v) + 6*w(v). What is the tens digit of i(-3)?
1
What is the units digit of 80/3*(16/60 - 398992/(-660))?
8
Let y(g) be the second derivative of g**4/4 + 11*g**3/3 + 239*g**2/2 - 5*g - 16. What is the units digit of y(-21)?
0
Suppose f + 9014 = g + 2142, 5*g + f - 34342 = 0. What is the units digit of g?
9
Suppose -3*f = 159 + 30. What is the hundreds digit of f/(-84) - 38/8 - -476?
4
Suppose -17903 = -9*h + 17071. What is the tens digit of h?
8
Let a = 22 - -91. Let k = 57 - a. Let j = 9 - k. What is the tens digit of j?
6
Let x = 71 - 8. Suppose -117*i + x = -114*i. What is the tens digit of i?
2
Let s = 718 - -2294. What is the thousands digit of s?
3
Let l = 423 + -420. Suppose -l*x - 1641 = -3*o, 5*o - x = -731 + 3462. What is the hundreds digit of o?
5
Let r(c) = -24*c - 10. Let h be (-6)/(-10) + 28/(-5). Let g be r(h). Let a = g - 63. What is the tens digit of a?
4
Suppose -9170 = 5*o - 2*z, -5*z + 1855 + 2 = -o. Let l = -910 - o. What is the units digit of l?
2
Suppose 3*n + 29 = -4. Let r be (2 + 2)/(n - -13). What is the units digit of 3*(6/r - -22)?
5
Let m(u) = 11*u**2 - 18*u + 37. Let j be m(11). Suppose 3*v + 714 = 3*x, 5*x - j = -5*v - 0*v. What is the tens digit of x?
3
Suppose -9215483 - 3760543 = -358*m + 10726438. What is the thousands digit of m?
6
Suppose 2*k + 0*k - v = 100329, 3*v = 29*k - 1454713. What is the hundreds digit of k?
1
Let j = -32 - -39. Suppose -j*p + 3*p + 20 = 0. Suppose -2*u = -o + 40, p*o + 33 = -3*u + 168. What is the units digit of o?
0
Let x be 1*111/(-18) + (-2)/(-12). Let a be x/(-12) - (-69)/6. Suppose a*t = 18*t - 354. What is the tens digit of t?
5
Let k = -723 + 9392. What is the hundreds digit of k?
6
Let o(q) = -63*q - 10. Let s be o(-2). Let k = 119 - s. Suppose -3*f + 4*f = k*y - 555, -y = 2*f - 178. What is the tens digit of y?
8
What is the units digit of 4/(-6)*28/((-308)/1485)?
0
Suppose 0 = -4*s - 4*d + 172, 2*s - 2*d + 66 = 160. Let g = 427 - 425. Let n = g + s. What is the tens digit of n?
4
Suppose 29*y - 20614 = -1068. What is the units digit of y?
4
Suppose -y = 2*w - 0*y, -3*w + y = -10. Suppose 2*b - 4*x - 508 = 0, 3*b = -3*x - w*x + 817. What is the units digit of b?
4
Suppose -4*s + 2*s + 9 = 5*l, -3*l - 24 = -3*s. Suppose s*d = 776 + 1275. Suppose 2*w + 2*t - 214 = 0, 3*w - d = 3*t + t. What is the tens digit of w?
0
What is the thousands digit of 28/(-45) + (-2)/(-5) - 972099/(-81)?
2
Let t be (16/(-6))/(-2) - 23244/(-117). Suppose 0 = a + 4, k + 7*a + t = 4*a. Let y = 425 + k. What is the hundreds digit of y?
2
Suppose 0 = l + 7*k - 2*k - 110, 5*l + k = 502. Let t(c) = -c**3 + c + 63. Let w be t(0). Let u = l - w. What is the tens digit of u?
3
Let x be ((-9285)/(-4))/(75/800). Suppose -x - 17672 = -34*w. What is the thousands digit of w?
1
Suppose 0 = 4*i - 5*a - 254, -2*i + a - 3*a = -136. Let j = i + 69. Suppose -3*x - 5*u - 87 = -6*x, j = 5*x - 5*u. What is the tens digit of x?
2
Let y(s) = -2*s + 39. Let d(z) = -z**3 - z + 4. Let v(w) = -2*w**3 - 18*w**2 + 2*w + 16. Let b be v(-9). Let a be d(b). What is the tens digit of y(a)?
1
Suppose k = 19*u - 795541, -3*u = -4*k + 10746 - 136327. What is the tens digit of u?
7
Let n = -480 - -484. Suppose 2139 - 294 = 5*h + z, -n*h + 1495 = -3*z. What is the units digit of h?
0
Suppose -3*o = -3*q + 62496, -34393 = -2*q + o + 7267. What is the thousands digit of q?
0
Suppose 2*x - 5*x + 4*u + 103 = 0, 0 = 2*x + 3*u - 80. Suppose -x*n + 7630 = -27*n. What is the tens digit of n?
6
Suppose -4*l - 72 = -10*l. Suppose 7*h - 16 = l. What is the units digit of (2/h)/(1/106)?
3
Suppose -6*t - 70 - 212 = 0. Let d = -47 - t. Suppose -9*x + 8*x + 31 = d. What is the units digit of x?
1
Suppose 0 = -24*n + 65*n - 32103. Suppose -8*p - n = -5967. What is the hundreds digit of p?
6
Let z(c) = 6*c**2 - 139*c + 40. What is the thousands digit of z(-28)?
8
Let i be 1*(4/(-6) - (-63035)/21). Suppose -4006 = -4*r + b, b - i = -r - 2*r. What is the thousands digit of r?
1
What is the units digit of 21724 + (32 + -12 - 2)?
2
Let w(i) be the first derivative of -11*i**2 + 808*i - 143. What is the units digit of w(0)?
8
Suppose -7*m + 412 = -2234. What is the tens digit of m/(-24)*2432/(-24)?
9
Let k(n) = -13*n**2 + 26*n - 21. Let p(d) = -11*d**2 + 25*d - 19. Let z(o) = -5*k(o) + 6*p(o). Suppose -5*y + 41 = 1. What is the tens digit of z(y)?
8
What is the thousands digit of 56140/42 - (1 + -2 - 2/(-3))?
1
Suppose 0 = w + 4*o - 34, -4*w + 5*o + 65 = -50. Let z be -6*((-4)/(-5) - (-56)/w). What is the units digit of 1 - z/(-20) - (-159)/5?
2
Suppose 5*d - 22943 = -3*h, 15*d - 20 = 19*d. What is the tens digit of h?
5
Suppose 5 = -5*p, 1768*z + p - 116579 = 1764*z. What is the units digit of z?
5
Let n(m) = m**2 + 4*m - 24. Let q be n(-10). Let t = -32 + q. Suppose d - t*d + 51 = 0